umber?
True
Let i(a) = a**2 + 9*a + 18. Let k be i(-9). Let j be 158/k + 8/36. Suppose -2*f = 3 - j, -5*c + 5*f = -3430. Is c composite?
True
Let f(n) = 3*n**3 - 3*n**2 - 11*n - 19. Let o be f(22). Suppose 0 = -3*h - 4*j + 26029, 3*j - 4167 = 3*h - o. Is h a composite number?
True
Suppose 0 = 3*g - 4*r - 646955, -26*g = -31*g + 2*r + 1078263. Is g a composite number?
False
Suppose 5*u + 146470 = 3*d - 1006073, 3*u = -4*d + 1536782. Is d a composite number?
True
Let p = 19178 - 11169. Is p prime?
True
Let j(a) = a**3 + a**2 - a + 1. Let w be j(1). Suppose 5*c = -t + 340 + 1226, 3102 = w*t + 4*c. Is t a prime number?
False
Let f(o) = -36*o**2 - 9*o - 66. Let m be f(-33). Let b = 57556 + m. Is b prime?
True
Let v = -509 + 509. Is (-10037)/(-1) + v/10 a composite number?
False
Suppose -m = -3*n + 38, -n - 40 = -4*n + 2*m. Suppose 341 = -n*o + 6209. Is o a prime number?
False
Let j = 384710 + -215863. Is j a prime number?
False
Let k = 18249 + 18490. Is k a composite number?
False
Let d be -1 - -58 - (3 - 2). Let n = d + -53. Suppose 3*t + k = 2723, -2*k = n*t - 0*t - 2725. Is t a composite number?
False
Let s(z) = 0*z**3 + 17*z**2 + 65 + 2*z**3 - 10*z - 33 - 36. Let k be s(-9). Suppose -144 = -o + k*w - 4*w, 10 = 2*w. Is o composite?
False
Suppose 0 = -2*j + j, -y + 13 = -3*j. Suppose 486 = 25*w + 2*w. Suppose 0 = -w*u + y*u + 3755. Is u a prime number?
True
Let f(g) = 311*g + 20. Let t be f(7). Suppose -8155 = 6*p - t. Is p/(-6)*(0/(-3) + 2) composite?
False
Let g(o) = -5*o + 166*o**2 - 4435 + 4440 - 6*o. Is g(2) prime?
True
Let x(w) = 44*w**2 + 30*w + 383. Is x(28) prime?
False
Let f = 7 - 6. Let j be 6/36 + f/(6*-1). Let d(w) = w**2 - 4*w + 3809. Is d(j) composite?
True
Suppose y - 4*y - 3447 = -3*k, 0 = 3*k - y - 3451. Suppose -d - 5*c = -k, d + 5*c - 3453 = -2*d. Is d prime?
True
Is -2*(627122/(-5))/(-3 - 171/(-45)) prime?
True
Is 4/(((-4185739950)/33220175)/21 + (1 - -5)) composite?
False
Let p be (-116)/3*9/(-6). Let s be (p/(-1))/(-10 - -9). Suppose -1059 = s*h - 61*h. Is h a composite number?
False
Let g be ((-1)/2)/(9/(-54)). Suppose g*s - 2*t - 17 = 0, 4*t = s - t + 16. Is s/6*(-50)/(-3) composite?
True
Let n(d) = 7829*d + 139. Let t(a) = -1958*a - 35. Let b(j) = 2*n(j) + 9*t(j). Is b(-3) a prime number?
False
Let k be -2 - 0 - (-13 - (-35)/7). Let y(z) = 117*z**2 - 29*z + 23. Is y(k) a composite number?
True
Suppose -3*t + 1502530 = t + m, 12*t = -5*m + 4507602. Is t a composite number?
False
Suppose -2*u = 34 - 96. Suppose -7*a + u = 10. Suppose -a*w = -j + 1364, 3*w = 4*j - 74 - 5373. Is j prime?
True
Suppose 5*r - 5337 = -4*v + 2535, -3*r = 5*v - 9827. Let q = v - 1008. Is q a composite number?
True
Let j(w) be the first derivative of 15*w**4/2 - 2*w**3/3 + 3*w**2 - 4*w + 18. Let v be j(3). Let m = v + -492. Is m composite?
True
Let p(s) = 62*s + 139. Let z be p(-2). Let f = 43 - 23. Suppose 20415 = f*h - z*h. Is h a composite number?
True
Suppose -3*k + 12*l + 86907 = 13*l, -2*k = -5*l - 57938. Is k prime?
False
Let n = 38 - 32. Suppose -n*q - 1 = -5*q. Is (-4 - (2 + 15))/q a prime number?
False
Suppose 0*q + 72 = -5*s + 3*q, 2*s = -3*q - 12. Let c be (603/12)/(3/s). Let b = c - -310. Is b a prime number?
True
Let o = 31 - 26. Let p(q) = q**3 - 7*q**2 + 9*q + 7. Let t be p(o). Is (1/t)/(2/2564) a prime number?
True
Let f = -2030 - -3897. Suppose 4*m - 4 = 0, 2*t + 3*m = -2*m - f. Is (-1)/(t/(-4755) + (-2)/10) a prime number?
True
Suppose -4*z - 14 = -46. Let j(x) be the second derivative of 3*x**5/10 + x**4/3 + x**3 - 23*x**2/2 - x + 24. Is j(z) composite?
True
Let a be 2*5*2/4. Let y(u) be the third derivative of 65*u**4/24 + u**3 + 28*u**2. Is y(a) prime?
True
Let f = -161544 + 286667. Is f a prime number?
False
Let b(l) = 1116*l - 8. Let a = -92 - -97. Let j be b(a). Suppose j = 3*m + m. Is m a composite number?
True
Suppose 0 = -4*p - 13*t + 11*t + 10182, -2*p - 4*t = -5100. Let v = -463 + p. Is v a composite number?
False
Let j = -63 + 55. Let u(a) = -7*a**3 - 12*a**2 + 29. Is u(j) a prime number?
False
Suppose -4*y = -3*y + 5. Let h be (3 - y/1) + 1. Suppose -h*g + 16454 = -9619. Is g composite?
False
Let n(c) = 19*c**2 - 2*c + 11. Suppose -2*t + 5*r = -3*t + 25, 5*t + 4*r = 62. Let f be 4/(-6)*3 + t*1. Is n(f) prime?
False
Let f be 527/(-2) + (1 - (-6)/(-4)). Let l = f - -1313. Is l prime?
True
Let y be (-12)/(((-31)/(-310))/(32/30)). Is 30454*(-8)/y*8 a composite number?
False
Let s(l) = -45*l**3 + 2*l**2 + 3*l + 2. Let j be s(-1). Suppose -11*w + j = 2. Suppose -3*z - 88 = -4*d - 341, -2*z + 170 = -w*d. Is z prime?
True
Suppose 4*w + 4*w = 16. Suppose 5*b = -0*b - w*i + 21, i + 12 = 5*b. Suppose b*o = 5*f - 5350, -5*f + 4*o + 5340 = -o. Is f a composite number?
True
Let u = 999 + -1676. Let g = u + 1464. Is g composite?
False
Let g(t) = 180*t + 581. Is g(33) a composite number?
False
Let q(o) = -o**3 - 15*o**2 + o + 17. Let g be q(-15). Suppose 2*y - g*w = 3*w + 221, 605 = 5*y - 2*w. Suppose -128*x = -y*x - 2155. Is x a composite number?
False
Let g(f) = f**2 - 10*f - 2. Let s be g(10). Is 253 + (s - 4)/(-1) composite?
True
Is (-9702224)/((-140)/(-5))*(-2)/8 a prime number?
True
Suppose 19 + 1 = 2*r. Let x(w) = 62*w**2 + 4*w + 7 - 7*w - r*w. Is x(-6) a composite number?
True
Let f be -80 + -1 + -1 + 0. Let w = -2415 + 2422. Let k = w - f. Is k a prime number?
True
Is ((-30)/(-18))/((-280)/(-88668552)) prime?
True
Suppose 137*c = 273*c - 13012072. Is c a prime number?
False
Suppose -8 = w + 3*c, -c - c - 12 = -w. Suppose -w*s = -n - 4, 4*n - 7 = 2*s - 23. Suppose s = u + u - 2798. Is u prime?
True
Let o(y) be the first derivative of 5*y**3/3 - 5*y**2 - 25*y - 1. Suppose 118*z - 119*z + 3*h + 14 = 0, -z = 2*h - 14. Is o(z) a prime number?
False
Let q(c) = 7*c - 45. Let a be q(7). Suppose -3*u + 11650 - 91401 = -a*f, -2*f - 3*u = -39871. Is f a prime number?
True
Let n(t) be the third derivative of -121*t**4/24 - t**3/2 - 17*t**2. Let j be n(1). Is (-1)/1 + 4 - j composite?
False
Is -4 + 4 + 426216 - -6*(-25)/30 composite?
False
Let u(k) = 2205*k**2 + 574*k**2 + k + 2273*k**2. Is u(-1) prime?
True
Let g = -378 - -382. Is 24907/g + 95/380 a prime number?
False
Let j(c) = 1263*c**2 + 487*c - 1937. Is j(4) composite?
False
Let a = 3249 + -1196. Let h = a + -1132. Is h a composite number?
True
Let i = -207 - -209. Suppose 2*c + 5*f = 12487, 5*f - i*f - 3 = 0. Is c prime?
False
Let p = 28413 - -24536. Is p a composite number?
True
Let j(n) = -n**2 - 15*n + 68. Let o be j(-19). Is (-35374)/o - 1 - (-1)/4 a prime number?
True
Let s = 4 - 1. Let p(k) = -k + 1. Let n be p(s). Is -613*(n - (2 - 3)) composite?
False
Suppose 87 - 151 = -8*a. Let d(y) = y**3 - 5*y**2 - 13*y - 21. Is d(a) a composite number?
False
Suppose -2*w = -4*o - 781782, -3*o - 895421 + 113643 = -2*w. Is w composite?
False
Let c = -2 - -21. Suppose -c*f + 18*f - 3 = 0. Is 1 - (13302/(-27) - 2/f) prime?
False
Let b(c) = c**2 + 2*c. Let f = 81 + -80. Let t be b(f). Suppose -4*x = -5*u - t*x + 6806, 2*x + 4085 = 3*u. Is u a composite number?
False
Let b = -3041 + 6621. Let y = b + -1925. Is y prime?
False
Let d(x) = 12*x**3 - 18*x**2 + 3*x - 20. Suppose -3*q + 2 = -2*l + 5, 5*q - 25 = 0. Is d(l) a prime number?
True
Let p = -300185 + 1486476. Is p prime?
True
Suppose i - 2347 = 533. Suppose -3*v + 3*b - 4*b = -2888, -3*v = -3*b - i. Suppose 0 = -6*f - v + 4478. Is f a prime number?
False
Let r = 277171 + -142976. Is r a composite number?
True
Let x = 12091 - 29523. Let g = -10995 - x. Is g prime?
False
Let i be (-11)/((-66)/24) - (-2)/(-2). Suppose -108 - 66 = -i*m. Let w = 31 + m. Is w a composite number?
False
Is (2054295/18)/(93/62) a prime number?
False
Let w(f) = f**2 - f - 1. Let a(o) = -4*o**2 - 6*o + 27. Let m(n) = -a(n) - 5*w(n). Let v be m(4). Is (-87)/(((-3)/9)/(2/v)) composite?
True
Suppose 34*b - 4*d + 816257 = 39*b, 5*b + 5*d = 816255. Is b prime?
False
Let x(i) = i**3 + 18*i**2 + 17*i + 8. Let j be x(14). Let c be 8/(-36) + j/9. Suppose -o + 171 = -c. Is o a composite number?
True
Let u = 345832 - 230841. Is u a composite number?
True
Let g(m) = m**2 - 7*m + 15. Let x be g(5). Suppose 5*w = -3*y - 1 - 2, x*y + w = 17. Suppose 473 = -y*l + 1485. Is l prime?
False
Suppose -16*q + 143611 + 232533 = 0. Is q prime?
True
Suppose -5564 = -2*i + 9364. Suppos